{"id":3482,"date":"2014-09-09T11:23:58","date_gmt":"2014-09-09T16:23:58","guid":{"rendered":"http:\/\/portal.luakabop.com\/?page_id=3482"},"modified":"2017-09-25T09:09:20","modified_gmt":"2017-09-25T14:09:20","slug":"coisa-boa","status":"publish","type":"page","link":"https:\/\/portal.luakabop.com\/portal\/coisa-boa\/","title":{"rendered":"Coisa Boa"},"content":{"rendered":"<p><img loading=\"lazy\" decoding=\"async\" class=\"aligncenter size-full wp-image-3498\" src=\"http:\/\/portal.luakabop.com\/portal\/wp-content\/uploads\/Moreno_Veloso_Cr\u008edit-o_Caroline_Bittencourt_4.jpg\" alt=\"Moreno Veloso, photo by Caroline Bittencourt_4\" width=\"696\" height=\"343\" srcset=\"https:\/\/portal.luakabop.com\/portal\/wp-content\/uploads\/Moreno_Veloso_Cr\u008edit-o_Caroline_Bittencourt_4.jpg 696w, https:\/\/portal.luakabop.com\/portal\/wp-content\/uploads\/Moreno_Veloso_Cr\u008edit-o_Caroline_Bittencourt_4-500x246.jpg 500w, https:\/\/portal.luakabop.com\/portal\/wp-content\/uploads\/Moreno_Veloso_Cr\u008edit-o_Caroline_Bittencourt_4-400x197.jpg 400w\" sizes=\"(max-width: 696px) 100vw, 696px\" \/><\/p>\n<p><strong>Moreno Veloso interviewed by Adrian Simon<\/strong><\/p>\n<p><em><strong>What\u2019s up man? In Brazil makin\u2019 music? Rehearsing a lot? Hanging out?<\/strong><\/em><\/p>\n<p>Yeah I\u2019m producing a lot in the studio. I\u2019m helping people in France make some records. I\u2019m quite busy right now.<\/p>\n<p><em><strong>Who are you working with?<\/strong><\/em><\/p>\n<p>Well right now I\u2019m doing a new Gilberto Gil album. It\u2019s really great to work with him. He\u2019s such a fantastic singer, and guitar player, and composer. He\u2019s amazing. But I\u2019m also helping two other singers in France to make records, they\u2019re not very well known but I\u2019m working with them also. I just finished a new live DVD of my father\u2019s concert, which was good also.<\/p>\n<p><em><strong>Man you\u2019re keeping busy<\/strong><\/em><\/p>\n<p>Yeah I\u2019m working a lot, but I miss performing and being on stage with friends, making music together.<\/p>\n<p><em><strong>Do you still play with the members of the +2s when you perform?<\/strong> <\/em><\/p>\n<p>No we ended the +2 name in 2008\/2009, because we spent 10 years in this formation (Me, Domenico (Lancelotti), and (Alexandre) Kassin), and everything we did we had to do together and that was becoming more difficult with time. Kassin was producing much more than I was, but I was working a lot too, and Domenico was working on theater. We were getting very busy outside the band, but we also play with many other talented friends so we just stopped the +2 thing and kept it open to play with our other friends. The difficult thing was, every time someone would ask me to play somewhere I had to bring Domenico and Kassin with me, and vise versa for both of them. I would get a call from Kassin saying he had a show offer and that Domenico and I had to be there with him. But we\u2019re still close friends and still play on each other\u2019s records occasionally.<\/p>\n<p><em><strong>What mindset were you in making this record, and was it different than how you thought about making records in the past? Was there something new you wanted to accomplish?<\/strong><\/em><\/p>\n<p>There are many similarities between this record and records we made 10 years or so ago. The spirit, the concentration, how we work on the sounds is very delicate. We\u2019re always having fun but at the same time it\u2019s not a crazy party, it\u2019s still very intimate, and we hoped the result would convey that care. And the spirit of it, the way we like to make music together, and the good feeling we had while we were making music; we tried to imprint it onto the tracks. I don\u2019t know if we\u2019ve succeeded but we have always worked in that way.<\/p>\n<p>But there are also differences. On the first album, we worked on a specific sound for that band, with Domenico playing the electronic stuff, in hopes of mixing the traditional Brazilian way of singing and guitar playing with a weird, electronic, new sound. Now, we\u2019re not thinking of that as much, just trying to make something we like and that\u2019s a new way of doing things for us. Before, we wanted to make it sound very new, but now we\u2019re not trying to do that, just trying to do music. I also went back to the place where I was born in Bahia; I was living there during the recording process with my family and my wife, and my kids. We spent a great time with my family there, and it was great to spend a few years in the city I was born in. It was very nice to be in Bahia, in Salvador. The recordings were mostly done in Rio, but in total there were 9 different studios, some in Japan, some in Salvador, some in New York. We just worked with friends, there were like 50 people involved in the record, and more than 30 musicians contribute some sound to it.<\/p>\n<p><em><strong>Is it important to you to have other people with you during the process?<\/strong><\/em><\/p>\n<p>It\u2019s not just important. Without my friends I could not make anything. I\u2019m very shy, I\u2019m very lazy, I get insecure about how people feel when they hear our music. My friends are like fuel, they just make me work. On this record I worked with Pedro Sa, another friend, he\u2019s a guitar player that works with my father right now. The last three albums my father made, he and I produced them. We formed this partnership very easily. He came to me and said, \u201clet\u2019s do another album, your album.\u201d I said I don\u2019t know, but he said, \u201cNo no let\u2019s do it! This is the time!\u201d I was just living in Bahia when he came to me and he just drove me to make it. I cannot say I did everything. We made it together, we produced the album together and that was amazing&#8211;A gift from my friends. I\u2019ve had a lot of fun with this album. Of course it\u2019s very emotional sometimes, but I still like it when I listen to it so I think, \u201cWell that\u2019s ok, let\u2019s put it out.\u201d<\/p>\n<p><em><strong>Will you play many shows?<\/strong><\/em><\/p>\n<p>Right now I don\u2019t have a band together. I spoke to some other people who are drummers and bassists, and they were ready to do it but we haven\u2019t really rehearsed yet. We plan to start playing in February or January.<\/p>\n<p><em><strong>I have to ask, because we\u2019re in somewhat similar situations, what was it like to grow up with Caetano as your dad?<\/strong><\/em><\/p>\n<p>For me it was very nice to have him as my family. Not only because my parents and their parents are great people, but also because of the musical environment. I appreciated it a lot to grow up in such a musical environment. There were always friends of my parents, and friends of friends who were musicians who would play music at home, and I took part in those nights, trying to sing and compose. I wrote my first song at age 9 with my father. He recorded it and released it on his first album in the US. In fact, David [Byrne] put it on the first Brazil Classics compilation.<\/p>\n<p>When I wrote that song, I just wanted to illustrate the energy I had at home. It was so nice to be at home with my parents, but of course, my father would travel a lot sometimes. I survived though. The worst thing was the press. When I was a kid I had nothing to say. I was doing nothing but studying in school and they kept trying to have an interview and take pictures and stuff. That was the only thing that was slightly annoying.<\/p>\n<p><em><strong>It\u2019s annoying when you can tell someone is talking to you with an agenda.<\/strong> <\/em><\/p>\n<p>Yes exactly. I\u2019ve spoken some to Sean Lennon about it also.<\/p>\n<p><em><strong>It\u2019s a crazy way to grow up, but pretty wonderful. I definitely relate to growing up in a perpetual state of making and listening to music, but I think for me the main thing that I didn\u2019t realize was that being a musician was not a common professional choice. The thing is though, I\u2019ve pretty much never had a second thought. When I was in high school people would ask me what I wanted to do, and I would say that I knew I would be a musician, and they would ask, \u201cAren\u2019t you going to try and get a real job?\u201d It took me a while to understand what they meant; I just always thought there was basically no other option.<\/strong><\/em><\/p>\n<p>I had a second thought. I went to University and studied physics. I worked in a lab on atomic physics. The musical part of my life is intense and deep. I breathe and live in it, music is something I really love and I\u2019ve been happy to be around it my whole life, but math kind of came easily to me and I grew to love it. My mom said she was good at math when she was younger too. My musician friends had such a bad time in school, but it always made me happy. Not only math, but physics and chemistry too. When school finished, I couldn\u2019t stop doing that stuff, I just love science.<\/p>\n<p><em><strong>That\u2019s kind of a surprising other passion to have. I feel like most musicians discover weed before getting too deep into physics.<\/strong><\/em><\/p>\n<p>My father would always ask me what I was doing. He didn\u2019t quite get why I was interested in University, but he was happy I was studious. In a way, I always think of it when I\u2019m in the studio. It helps with repairing old stuff, and fine-tuning equipment. I\u2019ve always tinkered around with stuff.<\/p>\n<p><em><strong>Do you think there\u2019s a connection between physics and your music for you?<\/strong><\/em><\/p>\n<p>I don\u2019t know if there\u2019s that much of a connection, but I do think it helps to keep your mind open and in good shape. The day to day of physics is pretty different from music in almost every way though. However, life in the laboratory isn\u2019t too far from life in the studio, you need partners and teamwork to get stuff done. Domenico and Kassin literally took me out of the University thing to go tour, but honestly I missed doing that stuff. In high school, my physics teacher was also a musician. He was a mentor to me, a figure that I was following because he also paired together these two disparate things I loved. He was doing both, but then chose science. I guess I was the opposite. I\u2019m still in touch with him actually. My son is actually in the same class as his granddaughter, and his daughter is a singer and a musician too, and she teaches music to my daughter in a different school. AND the leader of my physics teacher\u2019s band was my first music teacher in my life.<\/p>\n<p>When I was 9 I started thinking about playing guitar. One time I was in my uncle\u2019s house and my cousin was getting a guitar lesson, and I thought, \u201cOh my god I have to study that.\u201d I talked to the teacher, and he started coming to my house and became friends with my father, and went on to become pretty successful writing music books.<\/p>\n<p><em><strong>Finally, what are you listening to these days?<\/strong><\/em><\/p>\n<p>Man, Sly and the Family Stone this morning. I have some friends in Brazil though who are about to put out their records, and I\u2019m really impressed with them. One of Gilberto Gil\u2019s sons, he had 8 children, and three of them are my cousins, but one of the youngest is helping me to produce the new Gilberto Gil album. He has a band called Tono which just put out a record and it\u2019s amazing. I also like experimental stuff, there\u2019s a band called Balea that I like. A lot of people are putting out good records in Brazil right now, so just feeling some pride for my country.<\/p>\n<p>&nbsp;<\/p>\n<h2><strong>LYRICS<\/strong><\/h2>\n<table width=\"100%\">\n<tr>\n<td valign=\"top\" width=\"30%\"><strong>01. L\u00e1 e c\u00e1<\/strong><br \/>\n<em>\u2028Rodrigo Bartolo, Moreno Veloso e Quito Ribeiro<\/em><\/p>\n<p>Vez em quando eu me pego sozinho a cantar<br \/>\nUma melodia pra me ninar\u2028\u00c9 que nunca me cansei de sentir e de lembrar<br \/>\ndessas ondas que caminham no ar<\/p>\n<p>E da minha voz se faz um poema pra guardar<br \/>\ndentro de uma concha branca do mar<\/p>\n<p>E o destino dela foi revelado desde l\u00e1\u2028por um vento vindo de outro lugar\u2028Quem ouviu os seus segredos n\u00e3o esquece e quer cantar\u2028essa melodia pra me ninar<\/p>\n<p>E a \u00e1gua doce vem sorrindo bonita pra dan\u00e7ar<br \/>\ncom quem junto \u00e0 sua margem cantou<\/p>\n<p>Em cada can\u00e7\u00e3o sou cego e sou guia<br \/>\nl\u00e1 e c\u00e1\u2028procurando o sossego e o amor<\/td>\n<td valign=\"top\" width=\"30%\"><strong>02. Um passo \u00e0 frente <\/strong><br \/>\n<em>Moreno Veloso e Quito Ribeiro<\/em><\/p>\n<p>Samba em dia de chuva<br \/>\nexagera alguma coisa<br \/>\nfaz da dupla muito mais<\/p>\n<p>Passa um frio na espinha<br \/>\npelo calor da palmada<br \/>\nmove a mo\u00e7a e o rapaz<\/p>\n<p>Ela sorri com a barriga\u2028ele corteja a preferida<br \/>\namor a gente \u00e9 muito mais<\/p>\n<p>O samba \u00e9 roda sem medida<br \/>\na chuva agora \u00e9 colorida\u2028e a harmonia se refaz<\/p>\n<p>Quando v\u00e3o pela avenida\u2028levam qualquer incerteza\u2028\u00e9 um passo \u00e0 frente um passo atr\u00e1s<\/p>\n<p>Pega na barra da saia<br \/>\ntomara que caia\u2028a barra da saia<br \/>\ntomara que saia<br \/>\nsambando eu vou<\/p>\n<p>Minha imperfei\u00e7\u00e3o \u00e9 a<br \/>\nvoz da vez<\/td>\n<td valign=\"top\" width=\"30%\"><strong>03. Em todo lugar <\/strong><br \/>\n<em>Moreno Veloso <\/em><\/p>\n<p>Levei as minhas roupas embora<br \/>\nlevei algumas suas tamb\u00e9m<br \/>\npassei a chave em baixo da porta<br \/>\nna rua n\u00e3o passava ningu\u00e9m<\/p>\n<p>Deixei ficar um tempo distante<br \/>\ndeixei minha saudade pra l\u00e1\u2028mas mesmo sem ouvir o seu nome<br \/>\nseu rosto estava em todo lugar<\/p>\n<p>Pra me ver chorar\u2028ou s\u00f3 pra me ver partir<br \/>\nhoje\u2028hoje\u2028Hoje eu aprendi<\/p>\n<p>n\u00e3o d\u00e1 pra fugir<\/td>\n<\/tr>\n<tr>\n<td valign=\"top\" width=\"30%\"><strong>04. Verso simples\u2028<\/strong><br \/>\n<em>Domenico Lancellotti, Dudu Falc\u00e3o <\/em><br \/>\n<em>e Moreno Veloso<\/em><\/p>\n<p>Se eu mandar meu cora\u00e7\u00e3o<br \/>\npra te buscar numa can\u00e7\u00e3o<\/p>\n<p>Um verso simples bastaria<br \/>\npara te encontrar<\/p>\n<p>A luz da lua mostraria<br \/>\no caminho de voltar<\/p>\n<p>Nela estanza del cuore<br \/>\ndentro questa oficina<\/p>\n<p>Aspeto ancora<br \/>\nla Fata Turchina<\/p>\n<p>Vieni a cantare\u2028la mia canzone\u2028te fa parlare\u2028come una persona<\/td>\n<td valign=\"top\" width=\"30%\"><strong>05. Coisa boa <\/strong><br \/>\n<em>Domenico Lancellotti e Moreno Veloso<\/em><\/p>\n<p>Tanta coisa boa<br \/>\nNada \u00e9 de ningu\u00e9m<br \/>\nFica a\u00ed \u00e0 toa\u2028Vou ficar tamb\u00e9m<\/p>\n<p>E se a noite tem segredos<br \/>\nEu n\u00e3o vou sair daqui<br \/>\nNossa brincadeira agora<br \/>\nPode ser tamb\u00e9m dormir<\/p>\n<p>Tanta coisa boa<br \/>\nNada \u00e9 de ningu\u00e9m<br \/>\nFica a\u00ed \u00e0 toa\u2028Vou ficar tamb\u00e9m<\/p>\n<p>E se precisar de um beijo<br \/>\nE se precisar de mim<br \/>\nFico aqui a noite toda\u2028Eu n\u00e3o vou sair daqui<\/td>\n<td valign=\"top\" width=\"30%\"><strong>06. Jacar\u00e9 coruja<\/strong><br \/>\n<em>\u2028Moreno Veloso e Quito Ribeiro<\/em><\/p>\n<p>Jacar\u00e9 Coruja\u2028mora em cima da \u00e1rvore no meio da lagoa<\/p>\n<p>Jacar\u00e9 Coruja\u2028de dia come milho<br \/>\n\u00e0 noite bebe chuva<br \/>\nmas desapareceu<br \/>\nDesapareceu<\/p>\n<p>Comprou um telefone para a Dona Coisa\u2028De quem gostava tanto desde quando conheceu<\/p>\n<p>Saiu pela janela atravessou o parque\u2028Pra se encontrar com um pequeno grande amigo seu<\/p>\n<p>Jacar\u00e9 Coruja\u2028por que voc\u00ea n\u00e3o sai dessa \u00e1gua suja?<br \/>\nJacar\u00e9 Coruja\u2028por que voc\u00ea n\u00e3o sai dessa \u00e1gua suja?<\/td>\n<\/tr>\n<tr>\n<td valign=\"top\" width=\"30%\"><strong>07. Num galho de ac\u00e1cias <\/strong><br \/>\n<strong><em>Un Peu D\u2019amour <\/em><\/strong><br \/>\n<em>L. Silesu e A. Nilson Fysher <\/em><br \/>\n<em>vers.: J. Carlos<\/em><\/p>\n<p>Num galho de ac\u00e1cias amarelas<br \/>\numa aranha fez a sua teia\u2028E um besouro grande amigo delas<br \/>\nembarafustou na casa alheia<\/p>\n<p>Tu \u00e9s uma aranha cor-de-rosa\u2028Por um beijo teu minh\u2019alma anseia<br \/>\nEu vivo uma vida dolorosa\u2028preso nos fios da tua teia<\/p>\n<p>Por \u201cun peu d\u2019amour \u201c uma agonia<br \/>\nA m\u00e3o do destino nos apanha<br \/>\nNos galhos da nossa fantasia<br \/>\ncada um de n\u00f3s tem sua aranha<\/td>\n<td valign=\"top\" width=\"30%\"><strong>08. De tentar voltar <\/strong><br \/>\nDomenico Lancellotti e Moreno Veloso<\/p>\n<p>Um sorriso meu\u2028troco por um beijo seu<br \/>\n\u00c1gua que vai rolar<br \/>\npelo meu olhar<\/p>\n<p>Tarde pra chegar\u2028Tarde pra deixar entrar<br \/>\nNuvem que vai deitar sobre<br \/>\nesse lugar<\/p>\n<p>Uma se perdeu no ar<br \/>\nTerra noite est\u00e1<br \/>\nCad\u00ea o mar?<\/p>\n<p>Nada vai chegar\u2028Tendo que tentar voltar<br \/>\nLonge do c\u00e9u de l\u00e1<br \/>\nEsse seu olhar<\/td>\n<td valign=\"top\" width=\"30%\"><strong>09. N\u00e3o acorde o nen\u00e9m <\/strong><br \/>\nDomenico Lancellotti e Moreno Veloso<\/p>\n<p>A lembran\u00e7a minha que passa<br \/>\n\u00e9 a saudade que te abra\u00e7a<\/p>\n<p>\u00c9 uma tristezinha que cansa<br \/>\na saudade que te balan\u00e7a<\/p>\n<p>\u00c9 do tempo da vov\u00f3\u2028eu ficava muito s\u00f3<br \/>\nquando olhava pra voc\u00ea<\/p>\n<p>Paci\u00eancia de fil\u00f3<br \/>\nprocurava seu amor<br \/>\nera vidro e se quebrou<\/p>\n<p>D\u00ea a m\u00e3o pra menina<br \/>\nela dorme t\u00e3o bem<\/p>\n<p>A saudade que passa<br \/>\nn\u00e3o acorda o nen\u00e9m<\/p>\n<p>Foi foi s\u00f3 saudade<br \/>\nS\u00f3 s\u00f3 s\u00f3 saudade<\/td>\n<\/tr>\n<tr>\n<td valign=\"top\" width=\"30%\"><strong>10. Hoje\u2028<\/strong><br \/>\n<em>Moreno Veloso<\/em><\/p>\n<p>Eu posso esquecer<br \/>\npara ser mais feliz<\/p>\n<p>Mas n\u00e3o vou<br \/>\nmudar nada\u2028de tudo que eu fiz<\/p>\n<p>\u00c9 s\u00f3 n\u00e3o pensar\u2028em n\u00f3s\u2028como a melhor parte de mim<\/p>\n<p>Eu quero chegar<br \/>\na um dia dizer<\/p>\n<p>De tanto ficar s\u00f3<br \/>\nvivo bem sem voc\u00ea<\/td>\n<td valign=\"top\" width=\"30%\"><strong>11. \u540c\u3057\u3099\u7a7a Onaji sora <\/strong><br \/>\n\u30e2\u30ec\u30ce\u3068\u5dba\u5ddd\u8cb4\u5b50<br \/>\n<em>Moreno Veloso e Takako Minekawa<\/em><\/p>\n<p>\u540c\u3057\u3099\u7a7a\u305f\u3099\u3051\u3068\u3099\u898b\u3066\u308b\u3082\u306e\u306f\u9055\u3046\u306e<br \/>\n\u540c\u3057\u3099\u7a7a\u306a\u306e\u306b\u898b\u3048\u308b\u3082\u306e\u306f\u9055\u3046\u3088<\/p>\n<p>\u4eba\u306f\u540c\u3057\u3099\u306b\u898b\u3048\u308b\u3051\u3068\u3099\u9055\u3046\u306e<br \/>\n\u7a7a\u3082\u540c\u3057\u3099\u306b\u898b\u3048\u308b\u3066\u3099\u3082\u5909\u308f\u308a\u7d9a\u3051\u3066\u4eca\u3092<\/p>\n<p>\u540c\u3057\u3099\u7a7a\u306e\u4e0b\u898b\u3048\u308b\u3082\u306e\u306f\u9055\u3063\u305f<br \/>\n\u540c\u3057\u3099\u7a7a\u306e\u4e0b\u898b\u3066\u308b\u3082\u306e\u306f\u9055\u3063\u305f<\/p>\n<p>\u4eba\u306f\u540c\u3057\u3099\u3066\u3099\u4eca\u3092\u3044\u304d\u3066\u308b\u304b\u3089<br \/>\n\u7a7a\u3082\u540c\u3057\u3099\u3066\u3099\u3059\u3099\u3063\u3068\u5909\u308f\u308a\u7d9a\u3051\u3066\u304f\u306e<br \/>\n\u4eca\u3092<\/td>\n<\/tr>\n<\/table>\n","protected":false},"excerpt":{"rendered":"<p>Coisa Boa is the newest release by Moreno Veloso.<\/p>\n","protected":false},"author":1,"featured_media":3706,"parent":0,"menu_order":0,"comment_status":"closed","ping_status":"closed","template":"moreno-veloso.php","meta":{"footnotes":""},"categories":[],"_links":{"self":[{"href":"https:\/\/portal.luakabop.com\/portal\/wp-json\/wp\/v2\/pages\/3482"}],"collection":[{"href":"https:\/\/portal.luakabop.com\/portal\/wp-json\/wp\/v2\/pages"}],"about":[{"href":"https:\/\/portal.luakabop.com\/portal\/wp-json\/wp\/v2\/types\/page"}],"author":[{"embeddable":true,"href":"https:\/\/portal.luakabop.com\/portal\/wp-json\/wp\/v2\/users\/1"}],"replies":[{"embeddable":true,"href":"https:\/\/portal.luakabop.com\/portal\/wp-json\/wp\/v2\/comments?post=3482"}],"version-history":[{"count":23,"href":"https:\/\/portal.luakabop.com\/portal\/wp-json\/wp\/v2\/pages\/3482\/revisions"}],"predecessor-version":[{"id":5884,"href":"https:\/\/portal.luakabop.com\/portal\/wp-json\/wp\/v2\/pages\/3482\/revisions\/5884"}],"wp:featuredmedia":[{"embeddable":true,"href":"https:\/\/portal.luakabop.com\/portal\/wp-json\/wp\/v2\/media\/3706"}],"wp:attachment":[{"href":"https:\/\/portal.luakabop.com\/portal\/wp-json\/wp\/v2\/media?parent=3482"}],"wp:term":[{"taxonomy":"category","embeddable":true,"href":"https:\/\/portal.luakabop.com\/portal\/wp-json\/wp\/v2\/categories?post=3482"}],"curies":[{"name":"wp","href":"https:\/\/api.w.org\/{rel}","templated":true}]}}